he remainder when 29698226 is divided by 28?
26
What is the remainder when 1265663493 is divided by 1355?
1353
Calculate the remainder when 211705 is divided by 106.
23
Calculate the remainder when 12816225 is divided by 3717.
9
Calculate the remainder when 516429 is divided by 85886.
1113
Calculate the remainder when 4914292 is divided by 3894.
64
What is the remainder when 12357808 is divided by 3089451?
4
What is the remainder when 2350853 is divided by 9147?
74
Calculate the remainder when 92876155 is divided by 909.
898
What is the remainder when 16130 is divided by 15631?
499
What is the remainder when 65844755 is divided by 11?
9
What is the remainder when 113253962 is divided by 178634?
6
Calculate the remainder when 242439 is divided by 18645.
54
Calculate the remainder when 209566 is divided by 16114.
84
Calculate the remainder when 330644 is divided by 1545.
14
What is the remainder when 58761 is divided by 1398?
45
Calculate the remainder when 73979 is divided by 36933.
113
Calculate the remainder when 10362444 is divided by 1424.
1420
Calculate the remainder when 21752999 is divided by 25.
24
Calculate the remainder when 3509745 is divided by 92360.
65
Calculate the remainder when 98970 is divided by 180.
150
Calculate the remainder when 35051 is divided by 2479.
345
Calculate the remainder when 7953417 is divided by 40.
17
What is the remainder when 36914016 is divided by 127730?
46
What is the remainder when 1376033 is divided by 192?
161
Calculate the remainder when 4209158 is divided by 350761.
26
Calculate the remainder when 508786 is divided by 254388.
10
Calculate the remainder when 1385262 is divided by 1385241.
21
What is the remainder when 20989181 is divided by 342?
299
Calculate the remainder when 6491564 is divided by 43.
26
What is the remainder when 12267 is divided by 10258?
2009
Calculate the remainder when 503294 is divided by 1719.
1346
What is the remainder when 4058808 is divided by 73?
8
Calculate the remainder when 198484 is divided by 2488.
1932
Calculate the remainder when 6847518 is divided by 1202.
926
Calculate the remainder when 77884 is divided by 77344.
540
Calculate the remainder when 744724 is divided by 2147.
1862
What is the remainder when 6679 is divided by 1124?
1059
What is the remainder when 26747 is divided by 4092?
2195
Calculate the remainder when 24252059 is divided by 58.
55
Calculate the remainder when 5104799 is divided by 24.
23
Calculate the remainder when 198023 is divided by 1321.
1194
What is the remainder when 207334 is divided by 5954?
4898
What is the remainder when 516232 is divided by 3374?
10
What is the remainder when 62433358 is divided by 84?
22
What is the remainder when 4773926 is divided by 356?
322
Calculate the remainder when 51984 is divided by 5068.
1304
Calculate the remainder when 18678 is divided by 2031.
399
Calculate the remainder when 475814 is divided by 2530.
174
Calculate the remainder when 5057912 is divided by 14410.
2
What is the remainder when 27349295 is divided by 50?
45
Calculate the remainder when 581673014 is divided by 15.
14
What is the remainder when 287208 is divided by 35901?
0
What is the remainder when 50204 is divided by 7168?
28
Calculate the remainder when 260853993 is divided by 6306.
6303
What is the remainder when 499628 is divided by 2?
0
Calculate the remainder when 1711884 is divided by 570619.
27
What is the remainder when 22059 is divided by 21112?
947
What is the remainder when 4727516 is divided by 441?
437
What is the remainder when 13139722 is divided by 650?
622
Calculate the remainder when 43179114 is divided by 173410.
24
What is the remainder when 2755648 is divided by 36?
28
Calculate the remainder when 927857 is divided by 549.
47
Calculate the remainder when 1656760 is divided by 6790.
0
Calculate the remainder when 33651 is divided by 8317.
383
Calculate the remainder when 40321 is divided by 19982.
357
What is the remainder when 312821424 is divided by 1359?
9
Calculate the remainder when 3663107 is divided by 20.
7
Calculate the remainder when 3401860 is divided by 110.
0
Calculate the remainder when 5469674 is divided by 185.
149
What is the remainder when 456599 is divided by 689?
481
What is the remainder when 21988708 is divided by 29124?
88
Calculate the remainder when 58163 is divided by 2784.
2483
What is the remainder when 39896 is divided by 7761?
1091
What is the remainder when 34309038 is divided by 86?
26
What is the remainder when 5079462 is divided by 634932?
6
What is the remainder when 5022856 is divided by 167?
164
Calculate the remainder when 1010220 is divided by 587.
580
Calculate the remainder when 13770678 is divided by 399.
390
Calculate the remainder when 13387577 is divided by 14.
7
What is the remainder when 976069921 is divided by 26?
21
What is the remainder when 18094976 is divided by 3618995?
1
What is the remainder when 1569023844 is divided by 13?
11
What is the remainder when 116483 is divided by 4775?
1883
What is the remainder when 3095991 is divided by 33652?
7
What is the remainder when 237031 is divided by 1963?
1471
Calculate the remainder when 2097041 is divided by 2096660.
381
Calculate the remainder when 2582266 is divided by 18.
4
Calculate the remainder when 197116 is divided by 39282.
706
Calculate the remainder when 986020 is divided by 2172.
2104
Calculate the remainder when 40193387 is divided by 167.
161
What is the remainder when 231268 is divided by 37?
18
What is the remainder when 81313 is divided by 505?
8
What is the remainder when 1465056 is divided by 1149?
81
What is the remainder when 32178 is divided by 6397?
193
Calculate the remainder when 2175752 is divided by 145.
27
What is the remainder when 65071253 is divided by 147220?
13
Calculate the remainder when 1015445 is divided by 1883.
508
What is the remainder when 166312 is divided by 5732?
84
What is the remainder when 5944749 is divided by 5766?
3
What is the remainder when 1200625 is divided by 300110?
185
What is the remainder when 723795 is divided by 1837?
17
What is the remainder when 13906647 is divided by 206?
205
What is the remainder when 3366759 is divided by 545?
294
What is the remainder when 1708612 is divided by 1129?
435
What is the remainder when 3631218 is divided by 379?
19
Calculate the remainder when 763174 is divided by 295.
9
Calculate the remainder when 146898 is divided by 680.
18
Calculate the remainder when 1894894 is divided by 9522.
16
Calculate the remainder when 1245 is divided by 202.
33
What is the remainder when 107986182 is divided by 69?
9
Calculate the remainder when 17255619 is divided by 6.
3
What is the remainder when 197548 is divided by 70?
8
What is the remainder when 29186 is divided by 97?
86
What is the remainder when 766144 is divided by 113?
4
Calculate the remainder when 382785 is divided by 845.
0
Calculate the remainder when 405988 is divided by 67642.
136
Calculate the remainder when 79349 is divided by 15092.
3889
What is the remainder when 2761492 is divided by 8?
4
Calculate the remainder when 559750 is divided by 111933.
85
What is the remainder when 266047 is divided by 175?
47
What is the remainder when 22379874 is divided by 875?
874
What is the remainder when 37887 is divided by 12086?
1629
Calculate the remainder when 10941630 is divided by 84.
42
Calculate the remainder when 330631 is divided by 80.
71
What is the remainder when 75129 is divided by 2423?
16
Calculate the remainder when 286916 is divided by 1661.
1224
What is the remainder when 248197 is divided by 248037?
160
Calculate the remainder when 77981970 is divided by 17.
12
What is the remainder when 685037 is divided by 683740?
1297
Calculate the remainder when 45465653 is divided by 13584.
5
Calculate the remainder when 244659 is divided by 81222.
993
Calculate the remainder when 44973563 is divided by 5.
3
What is the remainder when 1051406 is divided by 145?
11
What is the remainder when 263438015 is divided by 16?
15
Calculate the remainder when 180984936 is divided by 1321.
10
What is the remainder when 6601659 is divided by 828?
15
What is the remainder when 3195588 is divided by 355059?
57
Calculate the remainder when 126866615 is divided by 24.
23
What is the remainder